y 21.
19
Let c = -1286 + 1392. Calculate the remainder when 520 is divided by c.
96
Let a = -13 + 16. Suppose -2*g + 6*g = 20. Suppose 0 = g*c - 2*i - 38, -3*i + 2*i - 7 = -c. Calculate the remainder when c is divided by a.
2
Let j(s) = s**3 - 5*s**2 + 4*s + 1. Let k be j(4). What is the remainder when 8 is divided by (k/2)/(-4 - 49/(-12))?
2
Suppose 9*i - 276 = 147. Calculate the remainder when i is divided by 30.
17
Let u(b) = 3*b - 13. Let m be u(5). Suppose h + 4 - m = 0, 3*h - 54 = -5*g. Let x = -6 - -11. What is the remainder when g is divided by x?
2
Let v = 523 + -503. Calculate the remainder when 558 is divided by v.
18
Let q(t) = -t**3 + 31*t**2 - 227*t - 26. Calculate the remainder when q(13) is divided by 21.
2
Let o(a) = 3*a - 5. What is the remainder when (18/63 + 1605/42)*2 is divided by o(6)?
12
Let u(o) = -22*o + 56. What is the remainder when 270 is divided by u(0)?
46
What is the remainder when 4/18*-3 - (-8018)/57 is divided by 12?
8
Suppose 7*j - 4544 = 2057. Calculate the remainder when j is divided by 16.
15
Suppose y + 3 - 14 = 0. What is the remainder when (55 - -5)/(2/1) is divided by y?
8
Let h = -19 - -23. Let x(c) = -c**3 - 3*c**2 + 8*c - 1. What is the remainder when x(-6) is divided by 3*h/6 - -10?
11
Let i(b) = -49*b**2 + 50*b**2 + 8 - 2 - 8*b. What is the remainder when i(11) is divided by 5?
4
What is the remainder when (-9)/15*1 + (-6432)/(-120) is divided by 29?
24
Calculate the remainder when 138 is divided by (-70)/3*(3 + (-54)/12).
33
Let k be (-878)/(-18) - (-4)/18. Suppose 5*s + k = 134. Suppose 456*b + 200 = 460*b. What is the remainder when b is divided by s?
16
Let s be (-1825)/(-15) - ((-2)/(-6))/(-1). Let r = -96 + s. What is the remainder when r is divided by 15?
11
Suppose -2*v + 0*v + 4*r + 212 = 0, 106 = v - 4*r. Suppose 4*i + 3*q = 4*q + v, q = -2. Calculate the remainder when 103 is divided by i.
25
Suppose 67 = -5*q + 837. Suppose -4*o + 102 + q = 0. Let f = 92 - o. What is the remainder when f is divided by 6?
4
Let w(f) = f**3 - 7*f**2 + 9*f + 7. Let m(t) = -t**3 + 5*t**2 - 5*t + 3. Let p be m(3). What is the remainder when w(p) is divided by 9?
7
Let u(m) = m**2 - 5*m - 12. Let z be u(6). Calculate the remainder when 47 is divided by z/9 - (-100)/6.
15
Let t = -35 + 66. Calculate the remainder when t is divided by -4 - (-18)/(-12)*-10.
9
Calculate the remainder when ((-688)/(-36))/(7 - 488/72) is divided by 1.
0
Suppose 4 + 4 = -2*t, -5*o + 4*t + 26 = 0. Suppose -o*w + 23 = -5*p + 8, 0 = 2*w + 3*p - 39. What is the remainder when w is divided by 9?
6
Let t(k) = -127*k - 24. Calculate the remainder when 237 is divided by t(-1).
31
Let o be (-3 + 7)*1 + 17. Suppose 0 = u + 5*a - 10 + o, 5*a = 2*u - 53. Calculate the remainder when 55 is divided by u.
13
Suppose 5*w + 2*p = 23, w - 2*w + 7 = p. Suppose -w*l - 25 = -8*l. Calculate the remainder when ((-12)/(-20))/((-4)/(-20))*4 is divided by l.
2
Suppose -30 = -2*h - 6. Suppose 0*p + 76 = 38*p. Calculate the remainder when h is divided by p.
0
Suppose -13*b + 2 = -11*b, -5*q + 3*b + 487 = 0. Calculate the remainder when 1072 is divided by q.
92
Let x = 26 + -22. Let d be x/(-22) - 70/(-22). Suppose s = -d*s + 152. Calculate the remainder when s is divided by 14.
10
Let w = -118 + 603. Suppose 10*c = 5*c - w. Calculate the remainder when (c/(-2))/(1/2) is divided by 25.
22
Let h be (-8)/4 - (-12 - (1 - 2)). Suppose h*c = 11*c - 18. Let j(r) = r**3 - 4*r**2 - 8*r + 2. Calculate the remainder when j(6) is divided by c.
8
Let h = -355 - -674. What is the remainder when h is divided by 81?
76
Let d = 1 - -5. Let w(k) = -k - k + 3*k + d*k**2 - 2. What is the remainder when w(-2) is divided by 8?
4
Let w = -14 - -71. Let y(b) = 137*b - 2588. Calculate the remainder when w is divided by y(19).
12
Suppose -195*i - 6851 = -208*i. What is the remainder when i is divided by 22?
21
Let c be 1 - 8 - (1 - 2). Suppose -61 + 90 = f. Let m = f - c. What is the remainder when m is divided by 19?
16
Suppose -2*m - 9*m = -44. What is the remainder when 59 is divided by (8/32 - 21/(-12)) + m?
5
Suppose 2*k + 44 = -i + 3*i, -4*i + 78 = k. Suppose 0 = 5*b + i, 2*b + 64 = l + 10. What is the remainder when l is divided by 10?
6
Let d(q) = q**2 + 14*q - 42. Calculate the remainder when 133 is divided by d(-19).
27
Let f(j) = j**2 - 11*j. Let b be f(11). Suppose 3*h - 4*h + 72 = b. What is the remainder when h is divided by 15?
12
Let y(o) = -o**3 + 6*o**2 - 3*o - 3. Suppose -5*w - 5*k + 10 = 0, -76*w + 3*k + 14 = -74*w. Calculate the remainder when y(3) is divided by w.
3
Suppose -3*c = 26*c - 1624. Calculate the remainder when 385 is divided by c.
49
Let k(u) = -u**2 - 9*u + 1. Let v be k(-9). Let b be 8/((-4)/v) - -9. Let i = b + 29. What is the remainder when i is divided by 13?
10
Let t(q) = 3*q + 10. Let d = 21 - 19. Suppose 4*n = d*m + 4, 1 = -3*m - 2*n + 3. What is the remainder when 27 is divided by t(m)?
7
Suppose 2*g = 3*g - 4. Calculate the remainder when g is divided by (-4)/2 - 220/(-44).
1
Suppose -3 = 4*d + 4*k - k, 0 = 2*d + 2*k + 4. Calculate the remainder when 17 is divided by d.
2
Let y = -314 - -454. Suppose 0*p + y = 4*p. Suppose t + p = 3*x + 2*t, 2*t - 40 = -3*x. What is the remainder when x is divided by 6?
4
Calculate the remainder when 205 is divided by (-236)/(-6) + ((-3)/9 - 0).
10
Suppose -7 - 29 = -i + 5*j, -4*i + 5*j = -174. Suppose 968 = -2*c + 13*c. Calculate the remainder when c is divided by i.
42
Suppose -195 = -3*k + 2*z, 3*z + 341 = 5*k + 5*z. What is the remainder when (7/(-14))/(1/(-74)) is divided by 2/(-5) + k/5?
11
Let i = 141 - 60. Calculate the remainder when 137 is divided by i.
56
Let c(z) = -38*z + 904. Calculate the remainder when 882 is divided by c(22).
66
Let p(d) be the third derivative of -d**6/60 - d**5/12 + d**4/6 - 7*d**3/6 - d**2. What is the remainder when p(-5) is divided by 20?
18
Let b = -142 - -222. Suppose 4*u - b = -2*o, 5*o + u + 2*u - 228 = 0. Calculate the remainder when o is divided by 25.
23
Calculate the remainder when 508/4 - (10 + -11 - 2) is divided by 33.
31
Calculate the remainder when 787 + 6*(-4)/24 is divided by 53.
44
Let c(q) be the third derivative of q**6/120 - q**5/60 + q**4/8 - q**3/2 + 15*q**2. What is the remainder when 70 is divided by c(3)?
22
Let h(c) = c**2 + 17*c - 13. Calculate the remainder when h(12) is divided by 115.
105
Suppose -3*d = 5*h - 75, -95 = -5*h - 6*d + 7*d. Calculate the remainder when 61 is divided by h.
7
Let g = -81 - -44. Let u = -33 - g. What is the remainder when 21 is divided by u?
1
Let w be 14/(-35) - (-158)/(-5). Let d = w + 32. Suppose 0 = -4*j, 3*m - j - 48 + 18 = d. Calculate the remainder when 19 is divided by m.
9
Suppose 3*y - 44 = 5*n, -70 = -5*y - 0*n + 5*n. Let h = 146 - 97. Calculate the remainder when h is divided by y.
10
Let m be (5 + -2)/((15/38)/(-5)). Calculate the remainder when 227 is divided by (8 - m)*(2 + -1).
43
Calculate the remainder when (32/96)/(1 + (-508)/510) is divided by 18.
13
Suppose 2*p = -2*p + c + 70, 5*p - 80 = 5*c. Let b(f) = -5*f - 92. What is the remainder when p is divided by b(-19)?
0
Let q = -7 + 11. Let b(g) = -29*g**3 + g + 1. Let c be b(-1). Suppose -4*w = 2*i - 4, -2*w = 3*i + 7 - c. What is the remainder when i is divided by q?
2
Suppose 0 = w - 4, 0 = -5*b + 2*b + 4*w + 8. What is the remainder when 25 - -3 - ((b - 2) + -2) is divided by 3?
0
Let d be (-8 + 9)*(-52 - 1). Let s = -49 - d. Calculate the remainder when (18/4 - -1)*2 is divided by s.
3
Let j = 37 + -36. Let h = j - -12. Let t = 18 + -13. What is the remainder when h is divided by t?
3
What is the remainder when 191 is divided by (2 - (-14)/(-6))*-36?
11
Calculate the remainder when 6 + (3 - 7) + 48 is divided by 15.
5
Suppose -l = -2*t - 2*l + 5, -4*t + 12 = 4*l. Suppose 0*f - 4*f + 154 = 2*k, -t*k + 178 = -2*f. What is the remainder when k is divided by 29?
27
Let n be 0/(-3 - 1)*-1. Suppose -2*o = 10 - 38. What is the remainder when (36 + 5)*(n - -1) is divided by o?
13
Let c(n) = -n**2 - 6*n + 30. Let w be c(-9). Suppose -3*i - 4*t = -w - 7, 0 = 2*i - 4*t. What is the remainder when 3 is divided by i?
1
Let m(w) = 3*w - 3. Let q be (-2)/3*6*-1. Let a = 1 + q. Calculate the remainder when m(7) is divided by a.
3
Let o = 17 + 13. Let u